emainder when f is divided by 16?
15
What is the remainder when ((-6)/7)/(190/(-128345)) is divided by 195?
189
Let m(a) = 5*a**3 + 5*a**2 + 4*a. Let p be m(-2). Calculate the remainder when p/(-8)*10 + 55/11 is divided by 5.
0
Suppose 5 = k - 2. Suppose -14*y = -9*y - 1505. Suppose 0*t - y = -k*t. What is the remainder when t is divided by 12?
7
Suppose 5*l - w = 944, 3*l = 2*l - 2*w + 191. Calculate the remainder when l is divided by -1*(-24)/14*(-35 + (-735)/(-15)).
21
Let s = -171 + 210. Let c = s + 148. What is the remainder when c is divided by 47?
46
Let c = -6871 + 6965. Calculate the remainder when 283 is divided by c.
1
Let s(w) = 0 - w - 3 + 3*w - 3*w**2 - 2*w**3 - 1. Let m = -46 - -43. Calculate the remainder when s(m) is divided by 4.
1
Let f(d) = 2*d**2 - 8*d - 30. Let t(i) = -i**3 + 21*i**2 - 21*i + 31. Let z be t(20). What is the remainder when f(z) is divided by 18?
16
Suppose -642 = -19*l - 490. What is the remainder when 38 - ((-3)/12 + (-3)/4) is divided by l?
7
Let m = -7960 + 7991. Let i(j) = 12*j**2 - 4*j - 6. Let v be i(5). Let o = v - 122. What is the remainder when o is divided by m?
28
Let v be 1/(1/3*(-1)/21). Calculate the remainder when (-348)/(-4) - 6/2 is divided by ((-34)/(-6))/((-21)/v).
16
Suppose 6*i - 4073 = -3713. Calculate the remainder when 176 is divided by i.
56
Calculate the remainder when 310 is divided by (120/180)/(3 + 952/(-318)).
98
Suppose -4*z + 84 = 3*n, -3*z - 105 = -6*n + 3*n. Suppose 168 - n = 2*d. What is the remainder when d is divided by 7?
5
Let z be -226*2 - (5 + -8). Let w = 580 + z. What is the remainder when w is divided by 33?
32
Let y = -176 - -207. Let a = 30 + -24. What is the remainder when y is divided by a?
1
Let c = 97 + -92. Suppose 22 + 56 = 3*u - 2*o, -130 = -c*u - 4*o. Suppose 0 = -u*g + 27*g - 119. Calculate the remainder when g is divided by 12.
11
Let x = -47 + 49. Suppose x*k + 21 = 69. What is the remainder when 60 is divided by k?
12
Suppose 147 = 80*q - 77*q. Calculate the remainder when (-3490)/(-12) - (-6 - 70/(-12)) is divided by q.
46
Suppose 4*v - 42 - 116 = -2*d, -3*d - 5*v + 231 = 0. What is the remainder when 535 is divided by d?
66
Let u = 101 - 18. Suppose -u*m = -86*m + 147. Suppose 0 = -3*a + 16 + 65. Calculate the remainder when m is divided by a.
22
Let y(n) = 119 - 12 + 14*n**2 - 17*n + 86 - 73 + 2*n**2 - n**3. Calculate the remainder when y(15) is divided by (-47)/(-3) + 1/3.
10
Suppose -256 = 68*i - 60*i. Let w = i + 45. Calculate the remainder when 146 is divided by w.
3
Let m be 87/9 - 6/9. Suppose 5*a = 20, 0 = -o + m*a - 4*a - 15. Let b(w) = 9*w - 2. Calculate the remainder when b(1) is divided by o.
2
Suppose -6*w + 39 = 21. Suppose -6*y + y + 40 = -w*n, 3*n = -y - 10. Suppose -y*h - 53 + 83 = 0. Calculate the remainder when 46 is divided by h.
4
Suppose -5*m - 5*d + 395 = 0, m + 2557*d - 93 = 2554*d. Suppose u = 4*t - 2582, 2*u = -4*t + 3*t + 650. Calculate the remainder when t is divided by m.
70
Suppose -395 = -4*l + 1468 - 131. Let b = 4 + 83. What is the remainder when l is divided by b?
85
Let h be 9/6*(-3612)/(-18). Suppose 297*z = h*z - 308. What is the remainder when z is divided by 21?
14
What is the remainder when 880 is divided by (186/(-124))/(-3 + (-2346)/(-392) - 3)?
96
Suppose -44*o = -6204 - 1357 - 843. What is the remainder when o is divided by 169?
22
Suppose 5*y + 2*z = 7888, -18*z + 3184 = 2*y - 22*z. What is the remainder when y is divided by 8?
4
Let l = 129 + -3. Let f(y) = 2*y**3 - 2*y**2 - 2*y + 4. What is the remainder when l is divided by f(3)?
24
Suppose -22*l + 1463 = 187. Suppose z + 53 - l = 0. Let i(h) = h**2 + 2*h - 4. What is the remainder when i(6) is divided by z?
4
Suppose -5*m = 2*d - 3*d - 21, -3*m - 5 = -5*d. Calculate the remainder when 109 is divided by 3/(54/d) - (-248)/18.
11
Let t = 325 + -203. Suppose 0 = t*s - 118*s - 16. Suppose -s*p = -3*p - 15. What is the remainder when p is divided by 6?
3
Let l(r) = r**3 - 3*r**2 - 12*r - 16. What is the remainder when 138 is divided by l(6)?
18
Let x be 2*(12/(-8))/3*-15. Let s(j) = -j**3 + 14*j**2 + 16*j - 10. Let h be s(x). Let v(p) = 2*p + 2. Calculate the remainder when 46 is divided by v(h).
10
Suppose 7*p - 9*p - 56*p - 4582 = 0. Let z be (-896)/(-10) - 4/(-10). Let k = z + p. Calculate the remainder when 30 is divided by k.
8
Suppose -6*i = -8*i + 138. Suppose 0 - 62 = -2*n. Calculate the remainder when i is divided by n.
7
Let z(t) = -35*t - 196. Let a(o) = o + 3. Let h(y) = -42*a(y) - z(y). Calculate the remainder when h(7) is divided by 6.
3
Let q = 101 - 96. Suppose l + q*p - 2*p - 31 = 0, -43 = -3*l + p. What is the remainder when 25 is divided by l?
9
Let n = 4098 - 5828. Let s = -844 - n. What is the remainder when s is divided by 24?
22
Let x(b) = -2*b**3 - 58*b**2 - 359*b + 26. What is the remainder when 9524 is divided by x(-20)?
2
Let q = 400 - 112. Suppose -96*u = -90*u - q. What is the remainder when 236 is divided by u?
44
Suppose -5*s - 2*u + 205 = 0, 103*s + 3*u + 144 = 106*s. What is the remainder when 122 is divided by s?
36
What is the remainder when (-40)/(-14) - 3 - (-4 + (-15546)/42) is divided by 144?
86
Suppose s - 33 = -3*v, 4*v + 23 + 3 = 2*s. Let z = 61 - 101. Let j = z - -122. What is the remainder when j is divided by s?
19
Let q = -11820 - -12299. Calculate the remainder when q is divided by 15.
14
Let v(y) = -8 + 6*y**2 - 4*y**3 + 3*y**3 + 5*y - 4*y. Let r(b) = -24*b + 27. Let h be r(1). Calculate the remainder when 41 is divided by v(h).
19
Let f = -130 + 251. Suppose -268 = -5*t + 3*w, -w = -3*t + 39 + f. What is the remainder when 97 is divided by t?
44
Let r(u) = 33*u + 161. Calculate the remainder when 511 is divided by r(0).
28
Suppose 4*w - 4*a - 376 = 0, 0 = 4*w - 5*a + 63 - 434. Calculate the remainder when w is divided by 17.
14
Let f be (-10)/(-15) + (-1180)/(-30). Let l(z) = z**2 - 34*z - 113. What is the remainder when l(f) is divided by 13?
10
Let a(q) be the third derivative of q**4/24 + q**3/6 + 3*q**2. Calculate the remainder when (-24)/(-348) + 12415/377 is divided by a(6).
5
Let i be ((-6624)/(-44))/8 - 4/(-22). Suppose -x = -i + 12. Let j(b) = -b**3 - 8*b**2 + 7*b + 3. What is the remainder when j(-9) is divided by x?
0
Suppose 19*m - 1122 = 3989. Calculate the remainder when m is divided by 28.
17
Let j(l) = -6*l**3 + 403*l**2 - 68*l + 84. Calculate the remainder when 4810 is divided by j(67).
16
Let t(j) = j + 2. Let b(p) = 13*p**2 - 6*p + 4. Let q be b(2). Suppose -49*y + 90 = -q*y. What is the remainder when y is divided by t(8)?
8
Suppose 5*t - 465 = -325. What is the remainder when 63 is divided by t?
7
Suppose 87*g - 189 = 86*g - 4*s, 25 = 5*s. Calculate the remainder when 18756 is divided by g.
166
Let l(x) = -2*x**2 + 33*x - 129. Let b be l(5). Let a(d) = 31 - d**2 + 6*d**2 + 19*d - 3*d**2. What is the remainder when a(b) is divided by 40?
37
Let h = -5698 - -5789. Calculate the remainder when 1273 is divided by h.
90
Let j = -372 + 424. Let i = 60 + -45. What is the remainder when j is divided by i?
7
Suppose 26730 = -0*p + 53*p + 37*p. What is the remainder when p is divided by 100?
97
Let f(h) = -3*h + 19. Let c be f(-12). Suppose 5*q - m + 96 = 0, 0 = 5*q + 4*m + c + 61. Let t = q - -35. What is the remainder when 57 is divided by t?
12
Suppose 0 = 7*j - 3042 + 1068. Calculate the remainder when 574 is divided by j.
10
Suppose -5*l = 4*z - 83, 47 = -10*z + 12*z - 3*l. What is the remainder when 1625 is divided by z?
19
Let r be (5 + -119 - -3) + 4. Let i = 272 + r. Calculate the remainder when i is divided by 35.
25
Suppose 0 = 3*y - 12 + 3. Suppose r + r + x - 146 = 0, 0 = r - y*x - 59. Suppose -75*d + 456 = -r*d. What is the remainder when d is divided by 39?
36
Let r = 5478 - 5343. Calculate the remainder when r is divided by 93.
42
What is the remainder when 3868 is divided by (-1)/(366/5256 + (-3)/36)?
72
Let x(b) = -b**2 + 4*b - 4. Let d be x(-4). Let w = -34 - d. Suppose -w*c = 3*c - 65. What is the remainder when 37 is divided by c?
11
Let q(p) = p**2 + 7*p - 3. Let m = 86 + -77. Suppose -2*h + 4*k = 2*h - 192, 0 = h + 2*k - 48. What is the remainder when q(m) is divided by h?
45
Let k(q) = 139*q - 1098. Calculate the remainder when 228 is divided by k(8).
4
Suppose -3*m -